[INFO] cloning repository https://github.com/ajsworton/workflowstatus
[INFO] running `Command { std: "git" "-c" "credential.helper=" "-c" "credential.helper=/workspace/cargo-home/bin/git-credential-null" "clone" "--bare" "https://github.com/ajsworton/workflowstatus" "/workspace/cache/git-repos/https%3A%2F%2Fgithub.com%2Fajsworton%2Fworkflowstatus", kill_on_drop: false }`
[INFO] [stderr] Cloning into bare repository '/workspace/cache/git-repos/https%3A%2F%2Fgithub.com%2Fajsworton%2Fworkflowstatus'...
[INFO] running `Command { std: "git" "rev-parse" "HEAD", kill_on_drop: false }`
[INFO] [stdout] cdc26501968d7ec0e774bb1049cdc2f933031b2a
[INFO] checking ajsworton/workflowstatus against master#af3c6e733a40e671550e0f0f5aeecaa13772ba56 for pr-74989
[INFO] running `Command { std: "git" "clone" "/workspace/cache/git-repos/https%3A%2F%2Fgithub.com%2Fajsworton%2Fworkflowstatus" "/workspace/builds/worker-0/source", kill_on_drop: false }`
[INFO] [stderr] Cloning into '/workspace/builds/worker-0/source'...
[INFO] [stderr] done.
[INFO] validating manifest of git repo https://github.com/ajsworton/workflowstatus on toolchain af3c6e733a40e671550e0f0f5aeecaa13772ba56
[INFO] running `Command { std: "/workspace/cargo-home/bin/cargo" "+af3c6e733a40e671550e0f0f5aeecaa13772ba56" "read-manifest" "--manifest-path" "Cargo.toml", kill_on_drop: false }`
[INFO] started tweaking git repo https://github.com/ajsworton/workflowstatus
[INFO] finished tweaking git repo https://github.com/ajsworton/workflowstatus
[INFO] tweaked toml for git repo https://github.com/ajsworton/workflowstatus written to /workspace/builds/worker-0/source/Cargo.toml
[INFO] crate git repo https://github.com/ajsworton/workflowstatus already has a lockfile, it will not be regenerated
[INFO] running `Command { std: "/workspace/cargo-home/bin/cargo" "+af3c6e733a40e671550e0f0f5aeecaa13772ba56" "fetch" "--locked" "--manifest-path" "Cargo.toml", kill_on_drop: false }`
[INFO] running `Command { std: "docker" "create" "-v" "/var/lib/crater-agent-workspace/builds/worker-0/target:/opt/rustwide/target:rw,Z" "-v" "/var/lib/crater-agent-workspace/builds/worker-0/source:/opt/rustwide/workdir:ro,Z" "-v" "/var/lib/crater-agent-workspace/cargo-home:/opt/rustwide/cargo-home:ro,Z" "-v" "/var/lib/crater-agent-workspace/rustup-home:/opt/rustwide/rustup-home:ro,Z" "-e" "SOURCE_DIR=/opt/rustwide/workdir" "-e" "CARGO_TARGET_DIR=/opt/rustwide/target" "-e" "CARGO_HOME=/opt/rustwide/cargo-home" "-e" "RUSTUP_HOME=/opt/rustwide/rustup-home" "-w" "/opt/rustwide/workdir" "-m" "1610612736" "--user" "0:0" "--network" "none" "rustops/crates-build-env@sha256:d92eaeed33fa75130ca1ee6c8a01d1ffb62bac859dfdfb3450e3e5d1c0146529" "/opt/rustwide/cargo-home/bin/cargo" "+af3c6e733a40e671550e0f0f5aeecaa13772ba56" "metadata" "--no-deps" "--format-version=1", kill_on_drop: false }`
[INFO] [stdout] 043b52a2a0d03a4055e3462e34e196eae3e6be24f90cb6fa6688473696074c8b
[INFO] [stderr] WARNING: Your kernel does not support swap limit capabilities or the cgroup is not mounted. Memory limited without swap.
[INFO] running `Command { std: "docker" "start" "-a" "043b52a2a0d03a4055e3462e34e196eae3e6be24f90cb6fa6688473696074c8b", kill_on_drop: false }`
[INFO] running `Command { std: "docker" "inspect" "043b52a2a0d03a4055e3462e34e196eae3e6be24f90cb6fa6688473696074c8b", kill_on_drop: false }`
[INFO] running `Command { std: "docker" "rm" "-f" "043b52a2a0d03a4055e3462e34e196eae3e6be24f90cb6fa6688473696074c8b", kill_on_drop: false }`
[INFO] [stdout] 043b52a2a0d03a4055e3462e34e196eae3e6be24f90cb6fa6688473696074c8b
[INFO] running `Command { std: "docker" "create" "-v" "/var/lib/crater-agent-workspace/builds/worker-0/target:/opt/rustwide/target:rw,Z" "-v" "/var/lib/crater-agent-workspace/builds/worker-0/source:/opt/rustwide/workdir:ro,Z" "-v" "/var/lib/crater-agent-workspace/cargo-home:/opt/rustwide/cargo-home:ro,Z" "-v" "/var/lib/crater-agent-workspace/rustup-home:/opt/rustwide/rustup-home:ro,Z" "-e" "SOURCE_DIR=/opt/rustwide/workdir" "-e" "CARGO_TARGET_DIR=/opt/rustwide/target" "-e" "CARGO_INCREMENTAL=0" "-e" "RUST_BACKTRACE=full" "-e" "RUSTFLAGS=--cap-lints=forbid" "-e" "CARGO_HOME=/opt/rustwide/cargo-home" "-e" "RUSTUP_HOME=/opt/rustwide/rustup-home" "-w" "/opt/rustwide/workdir" "-m" "1610612736" "--user" "0:0" "--network" "none" "rustops/crates-build-env@sha256:d92eaeed33fa75130ca1ee6c8a01d1ffb62bac859dfdfb3450e3e5d1c0146529" "/opt/rustwide/cargo-home/bin/cargo" "+af3c6e733a40e671550e0f0f5aeecaa13772ba56" "check" "--frozen" "--all" "--all-targets" "--message-format=json", kill_on_drop: false }`
[INFO] [stdout] d804d4a38b1746c73744a39f88774e7420a4f7291b74568d9a7911cf9ccc3272
[INFO] [stderr] WARNING: Your kernel does not support swap limit capabilities or the cgroup is not mounted. Memory limited without swap.
[INFO] running `Command { std: "docker" "start" "-a" "d804d4a38b1746c73744a39f88774e7420a4f7291b74568d9a7911cf9ccc3272", kill_on_drop: false }`
[INFO] [stderr]    Compiling libc v0.2.51
[INFO] [stderr]    Compiling autocfg v0.1.2
[INFO] [stderr]     Checking cfg-if v0.1.7
[INFO] [stderr]     Checking rand_core v0.4.0
[INFO] [stderr]     Checking lazy_static v1.3.0
[INFO] [stderr]     Checking futures v0.1.25
[INFO] [stderr]    Compiling proc-macro2 v0.4.27
[INFO] [stderr]    Compiling byteorder v1.3.1
[INFO] [stderr]     Checking scopeguard v0.3.3
[INFO] [stderr]    Compiling syn v0.15.29
[INFO] [stderr]     Checking stable_deref_trait v1.1.1
[INFO] [stderr]    Compiling arrayvec v0.4.10
[INFO] [stderr]     Checking smallvec v0.6.9
[INFO] [stderr]     Checking lazycell v1.2.1
[INFO] [stderr]     Checking memoffset v0.2.1
[INFO] [stderr]    Compiling cc v1.0.35
[INFO] [stderr]    Compiling num-traits v0.2.6
[INFO] [stderr]     Checking itoa v0.4.3
[INFO] [stderr]    Compiling serde v1.0.89
[INFO] [stderr]    Compiling num-integer v0.1.39
[INFO] [stderr]    Compiling failure_derive v0.1.5
[INFO] [stderr]    Compiling ryu v0.2.7
[INFO] [stderr]    Compiling httparse v1.3.3
[INFO] [stderr]     Checking try-lock v0.2.2
[INFO] [stderr]     Checking string v0.1.3
[INFO] [stderr]     Checking indexmap v1.0.2
[INFO] [stderr]     Checking rustc-demangle v0.1.13
[INFO] [stderr]     Checking log v0.4.6
[INFO] [stderr]     Checking owning_ref v0.4.0
[INFO] [stderr]     Checking crossbeam-utils v0.6.5
[INFO] [stderr]     Checking tokio-trace-core v0.1.0
[INFO] [stderr]     Checking rand_core v0.3.1
[INFO] [stderr]     Checking rand_jitter v0.1.3
[INFO] [stderr]    Compiling rand_pcg v0.1.2
[INFO] [stderr]    Compiling rand_chacha v0.1.1
[INFO] [stderr]    Compiling rand v0.6.5
[INFO] [stderr]    Compiling backtrace v0.3.15
[INFO] [stderr]     Checking rand_hc v0.1.0
[INFO] [stderr]     Checking rand_xorshift v0.1.1
[INFO] [stderr]     Checking rand_isaac v0.1.1
[INFO] [stderr]     Checking lock_api v0.1.5
[INFO] [stderr]    Compiling parking_lot_core v0.4.0
[INFO] [stderr]     Checking crossbeam-queue v0.1.2
[INFO] [stderr]     Checking crossbeam-epoch v0.7.1
[INFO] [stderr]    Compiling backtrace-sys v0.1.28
[INFO] [stderr]     Checking iovec v0.1.2
[INFO] [stderr]     Checking rand_os v0.1.3
[INFO] [stderr]     Checking num_cpus v1.10.0
[INFO] [stderr]     Checking net2 v0.2.33
[INFO] [stderr]     Checking time v0.1.42
[INFO] [stderr]     Checking directories v1.0.2
[INFO] [stderr]    Compiling quote v0.6.11
[INFO] [stderr]     Checking bytes v0.4.12
[INFO] [stderr]     Checking crossbeam-deque v0.7.1
[INFO] [stderr]     Checking mio v0.6.16
[INFO] [stderr]     Checking tokio-executor v0.1.7
[INFO] [stderr]     Checking tokio-sync v0.1.4
[INFO] [stderr]     Checking futures-cpupool v0.1.8
[INFO] [stderr]     Checking want v0.0.6
[INFO] [stderr]     Checking tokio-current-thread v0.1.6
[INFO] [stderr]     Checking tokio-timer v0.2.10
[INFO] [stderr]     Checking tokio-io v0.1.12
[INFO] [stderr]     Checking http v0.1.16
[INFO] [stderr]     Checking tokio-threadpool v0.1.13
[INFO] [stderr]     Checking parking_lot v0.7.1
[INFO] [stderr]     Checking tokio-reactor v0.1.9
[INFO] [stderr]     Checking tokio-tcp v0.1.3
[INFO] [stderr]     Checking tokio v0.1.18
[INFO] [stderr]     Checking h2 v0.1.17
[INFO] [stderr]    Compiling synstructure v0.10.1
[INFO] [stderr]     Checking hyper v0.12.25
[INFO] [stderr]    Compiling serde_derive v1.0.89
[INFO] [stderr]     Checking failure v0.1.5
[INFO] [stderr]     Checking serde_json v1.0.39
[INFO] [stderr]     Checking chrono v0.4.6
[INFO] [stderr]     Checking workflowstatus v0.1.0 (/opt/rustwide/workdir)
[INFO] [stdout] warning: trait objects without an explicit `dyn` are deprecated
[INFO] [stdout]   --> src/elasticsearch/http.rs:28:10
[INFO] [stdout]    |
[INFO] [stdout] 28 | ) -> Box<Future<Item = (), Error = Error> + Send> {
[INFO] [stdout]    |          ^^^^^^^^^^^^^^^^^^^^^^^^^^^^^^^^^^^^^^^ help: use `dyn`: `dyn Future<Item = (), Error = Error> + Send`
[INFO] [stdout]    |
[INFO] [stdout]    = note: `#[warn(bare_trait_objects)]` on by default
[INFO] [stdout] 
[INFO] [stdout] 
[INFO] [stdout] warning: trait objects without an explicit `dyn` are deprecated
[INFO] [stdout]   --> src/elasticsearch/http.rs:38:10
[INFO] [stdout]    |
[INFO] [stdout] 38 | ) -> Box<Future<Item = bool, Error = Error> + Send> {
[INFO] [stdout]    |          ^^^^^^^^^^^^^^^^^^^^^^^^^^^^^^^^^^^^^^^^^ help: use `dyn`: `dyn Future<Item = bool, Error = Error> + Send`
[INFO] [stdout] 
[INFO] [stdout] 
[INFO] [stdout] warning: trait objects without an explicit `dyn` are deprecated
[INFO] [stdout]   --> src/elasticsearch/http.rs:45:10
[INFO] [stdout]    |
[INFO] [stdout] 45 | ) -> Box<Future<Item = Option<A>, Error = Error> + Send> {
[INFO] [stdout]    |          ^^^^^^^^^^^^^^^^^^^^^^^^^^^^^^^^^^^^^^^^^^^^^^ help: use `dyn`: `dyn Future<Item = Option<A>, Error = Error> + Send`
[INFO] [stdout] 
[INFO] [stdout] 
[INFO] [stdout] warning: trait objects without an explicit `dyn` are deprecated
[INFO] [stdout]   --> src/elasticsearch/http.rs:56:10
[INFO] [stdout]    |
[INFO] [stdout] 56 | ) -> Box<Future<Item = A, Error = Error> + Send> {
[INFO] [stdout]    |          ^^^^^^^^^^^^^^^^^^^^^^^^^^^^^^^^^^^^^^ help: use `dyn`: `dyn Future<Item = A, Error = Error> + Send`
[INFO] [stdout] 
[INFO] [stdout] 
[INFO] [stdout] warning: trait objects without an explicit `dyn` are deprecated
[INFO] [stdout]   --> src/elasticsearch/http.rs:67:10
[INFO] [stdout]    |
[INFO] [stdout] 67 | ) -> Box<Future<Item = A, Error = Error> + Send>
[INFO] [stdout]    |          ^^^^^^^^^^^^^^^^^^^^^^^^^^^^^^^^^^^^^^ help: use `dyn`: `dyn Future<Item = A, Error = Error> + Send`
[INFO] [stdout] 
[INFO] [stdout] 
[INFO] [stdout] warning: trait objects without an explicit `dyn` are deprecated
[INFO] [stdout]   --> src/server/mod.rs:36:26
[INFO] [stdout]    |
[INFO] [stdout] 36 | type FResponseBody = Box<Future<Item=Response<Body>, Error=hyper::Error> + Send>;
[INFO] [stdout]    |                          ^^^^^^^^^^^^^^^^^^^^^^^^^^^^^^^^^^^^^^^^^^^^^^^^^^^^^^ help: use `dyn`: `dyn Future<Item=Response<Body>, Error=hyper::Error> + Send`
[INFO] [stdout] 
[INFO] [stdout] 
[INFO] [stdout] warning: trait objects without an explicit `dyn` are deprecated
[INFO] [stdout]   --> src/elasticsearch/http.rs:28:10
[INFO] [stdout]    |
[INFO] [stdout] 28 | ) -> Box<Future<Item = (), Error = Error> + Send> {
[INFO] [stdout]    |          ^^^^^^^^^^^^^^^^^^^^^^^^^^^^^^^^^^^^^^^ help: use `dyn`: `dyn Future<Item = (), Error = Error> + Send`
[INFO] [stdout]    |
[INFO] [stdout]    = note: `#[warn(bare_trait_objects)]` on by default
[INFO] [stdout] 
[INFO] [stdout] 
[INFO] [stdout] warning: trait objects without an explicit `dyn` are deprecated
[INFO] [stdout]   --> src/elasticsearch/http.rs:38:10
[INFO] [stdout]    |
[INFO] [stdout] 38 | ) -> Box<Future<Item = bool, Error = Error> + Send> {
[INFO] [stdout]    |          ^^^^^^^^^^^^^^^^^^^^^^^^^^^^^^^^^^^^^^^^^ help: use `dyn`: `dyn Future<Item = bool, Error = Error> + Send`
[INFO] [stdout] 
[INFO] [stdout] 
[INFO] [stdout] warning: trait objects without an explicit `dyn` are deprecated
[INFO] [stdout]   --> src/elasticsearch/http.rs:45:10
[INFO] [stdout]    |
[INFO] [stdout] 45 | ) -> Box<Future<Item = Option<A>, Error = Error> + Send> {
[INFO] [stdout]    |          ^^^^^^^^^^^^^^^^^^^^^^^^^^^^^^^^^^^^^^^^^^^^^^ help: use `dyn`: `dyn Future<Item = Option<A>, Error = Error> + Send`
[INFO] [stdout] 
[INFO] [stdout] 
[INFO] [stdout] warning: trait objects without an explicit `dyn` are deprecated
[INFO] [stdout]   --> src/elasticsearch/http.rs:56:10
[INFO] [stdout]    |
[INFO] [stdout] 56 | ) -> Box<Future<Item = A, Error = Error> + Send> {
[INFO] [stdout]    |          ^^^^^^^^^^^^^^^^^^^^^^^^^^^^^^^^^^^^^^ help: use `dyn`: `dyn Future<Item = A, Error = Error> + Send`
[INFO] [stdout] 
[INFO] [stdout] 
[INFO] [stdout] warning: trait objects without an explicit `dyn` are deprecated
[INFO] [stdout]   --> src/elasticsearch/http.rs:67:10
[INFO] [stdout]    |
[INFO] [stdout] 67 | ) -> Box<Future<Item = A, Error = Error> + Send>
[INFO] [stdout]    |          ^^^^^^^^^^^^^^^^^^^^^^^^^^^^^^^^^^^^^^ help: use `dyn`: `dyn Future<Item = A, Error = Error> + Send`
[INFO] [stdout] 
[INFO] [stdout] 
[INFO] [stdout] warning: unused import: `chrono::prelude::*`
[INFO] [stdout]    --> src/elasticsearch/mod.rs:129:7
[INFO] [stdout]     |
[INFO] [stdout] 129 |   use chrono::prelude::*;
[INFO] [stdout]     |       ^^^^^^^^^^^^^^^^^^
[INFO] [stdout]     |
[INFO] [stdout]     = note: `#[warn(unused_imports)]` on by default
[INFO] [stdout] 
[INFO] [stdout] 
[INFO] [stdout] warning: unused import: `super::*`
[INFO] [stdout]    --> src/elasticsearch/mod.rs:130:7
[INFO] [stdout]     |
[INFO] [stdout] 130 |   use super::*;
[INFO] [stdout]     |       ^^^^^^^^
[INFO] [stdout] 
[INFO] [stdout] 
[INFO] [stdout] warning: trait objects without an explicit `dyn` are deprecated
[INFO] [stdout]   --> src/server/mod.rs:36:26
[INFO] [stdout]    |
[INFO] [stdout] 36 | type FResponseBody = Box<Future<Item=Response<Body>, Error=hyper::Error> + Send>;
[INFO] [stdout]    |                          ^^^^^^^^^^^^^^^^^^^^^^^^^^^^^^^^^^^^^^^^^^^^^^^^^^^^^^ help: use `dyn`: `dyn Future<Item=Response<Body>, Error=hyper::Error> + Send`
[INFO] [stdout] 
[INFO] [stdout] 
[INFO] [stdout] error[E0271]: type mismatch resolving `<Box<dyn futures::Future<Error = failure::Error, Item = EsHits> + std::marker::Send> as futures::Future>::Item == ()`
[INFO] [stdout]    --> src/elasticsearch/mod.rs:116:5
[INFO] [stdout]     |
[INFO] [stdout] 116 |     rt::spawn(fut);
[INFO] [stdout]     |     ^^^^^^^^^ expected `()`, found struct `EsHits`
[INFO] [stdout]     | 
[INFO] [stdout]    ::: /opt/rustwide/cargo-home/registry/src/github.com-1ecc6299db9ec823/hyper-0.12.25/src/rt.rs:28:15
[INFO] [stdout]     |
[INFO] [stdout] 28  |     F: Future<Item=(), Error=()> + Send + 'static,
[INFO] [stdout]     |               ------- required by this bound in `hyper::rt::spawn`
[INFO] [stdout] 
[INFO] [stdout] 
[INFO] [stdout] error[E0271]: type mismatch resolving `<Box<dyn futures::Future<Error = failure::Error, Item = EsHits> + std::marker::Send> as futures::Future>::Error == ()`
[INFO] [stdout]    --> src/elasticsearch/mod.rs:116:5
[INFO] [stdout]     |
[INFO] [stdout] 116 |     rt::spawn(fut);
[INFO] [stdout]     |     ^^^^^^^^^ expected `()`, found struct `failure::Error`
[INFO] [stdout]     | 
[INFO] [stdout]    ::: /opt/rustwide/cargo-home/registry/src/github.com-1ecc6299db9ec823/hyper-0.12.25/src/rt.rs:28:24
[INFO] [stdout]     |
[INFO] [stdout] 28  |     F: Future<Item=(), Error=()> + Send + 'static,
[INFO] [stdout]     |                        -------- required by this bound in `hyper::rt::spawn`
[INFO] [stdout] 
[INFO] [stdout] 
[INFO] [stdout] error[E0271]: type mismatch resolving `<Box<dyn futures::Future<Error = failure::Error, Item = EsHits> + std::marker::Send> as futures::Future>::Item == ()`
[INFO] [stdout]    --> src/elasticsearch/mod.rs:116:5
[INFO] [stdout]     |
[INFO] [stdout] 116 |     rt::spawn(fut);
[INFO] [stdout]     |     ^^^^^^^^^ expected `()`, found struct `EsHits`
[INFO] [stdout]     | 
[INFO] [stdout]    ::: /opt/rustwide/cargo-home/registry/src/github.com-1ecc6299db9ec823/hyper-0.12.25/src/rt.rs:28:15
[INFO] [stdout]     |
[INFO] [stdout] 28  |     F: Future<Item=(), Error=()> + Send + 'static,
[INFO] [stdout]     |               ------- required by this bound in `hyper::rt::spawn`
[INFO] [stdout] 
[INFO] [stdout] 
[INFO] [stdout] error[E0271]: type mismatch resolving `<Box<dyn futures::Future<Error = failure::Error, Item = EsHits> + std::marker::Send> as futures::Future>::Error == ()`
[INFO] [stdout]    --> src/elasticsearch/mod.rs:116:5
[INFO] [stdout]     |
[INFO] [stdout] 116 |     rt::spawn(fut);
[INFO] [stdout]     |     ^^^^^^^^^ expected `()`, found struct `failure::Error`
[INFO] [stdout]     | 
[INFO] [stdout]    ::: /opt/rustwide/cargo-home/registry/src/github.com-1ecc6299db9ec823/hyper-0.12.25/src/rt.rs:28:24
[INFO] [stdout]     |
[INFO] [stdout] 28  |     F: Future<Item=(), Error=()> + Send + 'static,
[INFO] [stdout]     |                        -------- required by this bound in `hyper::rt::spawn`
[INFO] [stdout] 
[INFO] [stdout] 
[INFO] [stdout] warning: unused import: `futures::prelude`
[INFO] [stdout]  --> src/elasticsearch/mod.rs:9:5
[INFO] [stdout]   |
[INFO] [stdout] 9 | use futures::prelude::*;
[INFO] [stdout]   |     ^^^^^^^^^^^^^^^^
[INFO] [stdout] 
[INFO] [stdout] 
[INFO] [stdout] warning: unused import: `Stream`
[INFO] [stdout]   --> src/elasticsearch/mod.rs:10:31
[INFO] [stdout]    |
[INFO] [stdout] 10 | use hyper::rt::{self, Future, Stream};
[INFO] [stdout]    |                               ^^^^^^
[INFO] [stdout] 
[INFO] [stdout] 
[INFO] [stdout] error: aborting due to 2 previous errors; 10 warnings emitted
[INFO] [stdout] 
[INFO] [stdout] 
[INFO] [stdout] For more information about this error, try `rustc --explain E0271`.
[INFO] [stdout] 
[INFO] [stderr] error: could not compile `workflowstatus`.
[INFO] [stdout] warning: unused import: `futures::prelude`
[INFO] [stdout]  --> src/elasticsearch/mod.rs:9:5
[INFO] [stdout]   |
[INFO] [stdout] 9 | use futures::prelude::*;
[INFO] [stdout]   |     ^^^^^^^^^^^^^^^^
[INFO] [stdout]   |
[INFO] [stdout]   = note: `#[warn(unused_imports)]` on by default
[INFO] [stdout] 
[INFO] [stdout] 
[INFO] [stderr] 
[INFO] [stdout] warning: unused import: `Stream`
[INFO] [stdout]   --> src/elasticsearch/mod.rs:10:31
[INFO] [stdout]    |
[INFO] [stdout] 10 | use hyper::rt::{self, Future, Stream};
[INFO] [stdout]    |                               ^^^^^^
[INFO] [stdout] 
[INFO] [stdout] 
[INFO] [stderr] To learn more, run the command again with --verbose.
[INFO] [stdout] error: aborting due to 2 previous errors; 8 warnings emitted
[INFO] [stdout] 
[INFO] [stdout] 
[INFO] [stderr] warning: build failed, waiting for other jobs to finish...
[INFO] [stdout] For more information about this error, try `rustc --explain E0271`.
[INFO] [stdout] 
[INFO] [stderr] error: build failed
[INFO] running `Command { std: "docker" "inspect" "d804d4a38b1746c73744a39f88774e7420a4f7291b74568d9a7911cf9ccc3272", kill_on_drop: false }`
[INFO] running `Command { std: "docker" "rm" "-f" "d804d4a38b1746c73744a39f88774e7420a4f7291b74568d9a7911cf9ccc3272", kill_on_drop: false }`
[INFO] [stdout] d804d4a38b1746c73744a39f88774e7420a4f7291b74568d9a7911cf9ccc3272
